-- AGENT
INSERT INTO `agent_profile` (`nickname`, `percent`, `is_active`, `subscription_id`, `created_at`, `updated_at`) VALUES ('sys', 0, 1, 1, '2017-10-26 02:41:31', '2017-10-26 02:41:31');

-- DATE FORMAT
INSERT INTO `date_format` (`id`, `php`, `js`, `language`, `default_cultures`) VALUES
(1, 'j. F, Y.', 'd. mmmm, yyyy.', 'en', 'a:1:{i:0;s:2:\"en\";}'),
(2, 'F j, Y.', 'mmmm d, yyyy.', 'en', 'a:1:{i:0;s:2:\"en\";}'),
(3, 'Y.m.d.', 'yyyy. mm. d.', 'hu', 'a:1:{i:0;s:2:\"hu\";}'),
(4, 'Y-m-d', 'yyyy-mm-d', 'hu', 'a:1:{i:0;s:2:\"hu\";}');

-- SF_GUARD
INSERT INTO `sf_guard_group` (`id`, `name`, `description`, `created_at`, `updated_at`) VALUES
(1, 'admin', 'Boss group', '2017-11-14 11:48:47', '2017-11-14 11:48:47'),
(2, 'sales', 'Sales group', '2017-12-06 23:33:00', '2017-12-06 23:33:00'),
(3, 'partner', 'Affiliate partner group', '2018-04-13 17:51:43', '2018-04-13 17:51:43'),
(4, 'client-plus', 'Plus user group', '2018-04-13 17:51:43', '2018-04-13 17:51:43'),
(5, 'client-pro', 'Pro user group', '2018-04-13 17:51:43', '2018-04-13 17:51:43');

INSERT INTO `sf_guard_permission` (`id`, `name`, `description`, `created_at`, `updated_at`) VALUES
(1, 'admin', 'Administrator permission', '2017-11-14 11:48:47', '2017-11-14 11:48:47'),
(2, 'sales', 'Sales permission', '2017-12-06 23:33:00', '2017-12-06 23:33:00'),
(3, 'partner', 'Partner permission', '2018-04-13 17:55:00', '2018-04-13 17:55:00'),
(4, 'client-plus', 'Client Plus permission', '2018-01-08 23:58:00', '2018-01-08 23:58:00'),
(5, 'client-pro', 'Client Pro permission', '2018-01-08 23:58:00', '2018-01-08 23:58:00');

INSERT INTO `sf_guard_group_permission` (`group_id`, `permission_id`, `created_at`, `updated_at`) VALUES
(1, 1, '2017-11-14 11:48:47', '2017-11-14 11:48:47'),
(1, 2, '2017-12-06 23:33:00', '2017-12-06 23:33:00'),
(1, 3, '2018-04-13 17:58:00', '2018-04-13 17:58:00'),
(1, 4, '2018-04-13 17:58:00', '2018-04-13 17:58:00'),
(1, 5, '2018-04-13 17:58:00', '2018-04-13 17:58:00'),
(2, 2, '2017-12-07 01:42:15', '2017-12-07 01:42:15'),
(3, 3, '2018-04-13 17:58:00', '2018-04-13 17:58:00'),
(4, 4, '2018-04-13 17:58:00', '2018-04-13 17:58:00'),
(5, 4, '2018-04-13 17:58:00', '2018-04-13 17:58:00'),
(5, 5, '2018-04-13 17:58:00', '2018-04-13 17:58:00');

-- WIDGET
INSERT INTO `widget_layout` (`id`, `name`, `type`, `params`, `created_at`) VALUES
(1, '3-lined layout', 'signature', NULL, '2018-01-31 06:13:19'),
(2, '4-lined layout', 'signature', NULL, '2018-01-31 06:13:19'),
(3, 'Badged layout', 'signature', NULL, '2018-01-31 06:13:19'),
(4, 'Carousel I.', 'website', 'a:1:{s:10:\"borderable\";i:1;}', '2018-03-15 14:13:19'),
(5, 'Carousel II. - with badge', 'website', NULL, '2018-04-17 11:13:19'),
(6, 'Carousel III. - sidebar v1', 'website', 'a:1:{s:11:\"is_standing\";i:1;}', '2018-04-17 11:13:19'),
(7, 'Carousel IV. - sidebar v2', 'website', 'a:1:{s:11:\"is_standing\";i:1;}', '2018-04-17 11:13:19'),
(8, 'Full sidebar v1', 'website', 'a:2:{s:11:\"is_standing\";i:1;s:9:\"no_slider\";i:1;}', '2018-04-17 11:13:19'),
(9, 'Full sidebar v2', 'website', 'a:2:{s:11:\"is_standing\";i:1;s:9:\"no_slider\";i:1;}', '2018-04-17 11:13:19'),
(10, 'Full sidebar v3', 'website', 'a:2:{s:11:\"is_standing\";i:1;s:9:\"no_slider\";i:1;}', '2018-04-17 11:13:19'),
(11, 'HTML badge v1', 'website', 'a:4:{s:11:\"is_standing\";i:1;s:10:\"borderable\";i:1;s:9:\"no_slider\";i:1;s:9:\"no_review\";i:1;}', '2018-04-17 11:13:19'),
(12, 'HTML badge v2', 'website', 'a:3:{s:11:\"is_standing\";i:1;s:9:\"no_slider\";i:1;s:9:\"no_review\";i:1;}', '2018-04-17 11:13:19'),
(13, 'Newsletter badge v3', 'newsletter', 'a:1:{s:11:\"is_standing\";i:1;}', '2018-04-17 11:13:19');